{"id":3894,"date":"2024-11-11T10:20:49","date_gmt":"2024-11-11T09:20:49","guid":{"rendered":"https:\/\/3dtranslation.com\/?page_id=3894"},"modified":"2024-11-11T10:25:12","modified_gmt":"2024-11-11T09:25:12","slug":"cv-angela-salmeron","status":"publish","type":"page","link":"https:\/\/3dtranslation.com\/index.php\/cv-angela-salmeron\/","title":{"rendered":"CV \u00c1ngela Salmer\u00f3n"},"content":{"rendered":"\t\t<div data-elementor-type=\"wp-page\" data-elementor-id=\"3894\" class=\"elementor elementor-3894\">\n\t\t\t\t<div class=\"elementor-element elementor-element-3ba5a28 e-flex e-con-boxed e-con e-parent\" data-id=\"3ba5a28\" data-element_type=\"container\" data-e-type=\"container\">\n\t\t\t\t\t<div class=\"e-con-inner\">\n\t\t<div class=\"elementor-element elementor-element-093680c e-con-full e-flex e-con e-child\" data-id=\"093680c\" data-element_type=\"container\" data-e-type=\"container\">\n\t\t\t\t<div class=\"elementor-element elementor-element-86c6ce7 elementor-widget elementor-widget-text-editor\" data-id=\"86c6ce7\" data-element_type=\"widget\" data-e-type=\"widget\" data-widget_type=\"text-editor.default\">\n\t\t\t\t<div class=\"elementor-widget-container\">\n\t\t\t\t\t\t\t\t\t<h1 style=\"text-align: center;\">\u00a0<\/h1><h1 style=\"text-align: center;\"><span style=\"color: #000080;\">Curriculum Vitae <br \/><\/span><\/h1>\t\t\t\t\t\t\t\t<\/div>\n\t\t\t\t<\/div>\n\t\t\t\t<\/div>\n\t\t<div class=\"elementor-element elementor-element-1bfac11 e-con-full e-flex e-con e-child\" data-id=\"1bfac11\" data-element_type=\"container\" data-e-type=\"container\">\n\t\t\t\t<\/div>\n\t\t\t\t\t<\/div>\n\t\t\t\t<\/div>\n\t\t<div class=\"elementor-element elementor-element-1baaeec e-flex e-con-boxed e-con e-parent\" data-id=\"1baaeec\" data-element_type=\"container\" data-e-type=\"container\">\n\t\t\t\t\t<div class=\"e-con-inner\">\n\t\t\t\t<div class=\"elementor-element elementor-element-5268682 elementor-widget elementor-widget-text-editor\" data-id=\"5268682\" data-element_type=\"widget\" data-e-type=\"widget\" data-widget_type=\"text-editor.default\">\n\t\t\t\t<div class=\"elementor-widget-container\">\n\t\t\t\t\t\t\t\t\t<h4>Titulaci\u00f3n universitaria<\/h4><p><br \/>Estudios de 1\u00ba y 2\u00ba ciclo, y antiguos ciclos (Licenciados, Diplomados, Ingenieros Superiores,<br \/>Ingenieros T\u00e9cnicos, Arquitectos)<\/p><p><br \/>1 Nombre del t\u00edtulo: Doctor en Medicina y Cirug\u00eda<br \/>Entidad de titulaci\u00f3n: Universidad de Granada Tipo de entidad: Universidad<br \/>Fecha de titulaci\u00f3n: 01\/02\/2015<\/p><p>2 Nombre del t\u00edtulo: ESPECIALISTA EN RADIODIAGNOSTICO<br \/>Entidad de titulaci\u00f3n: MINISTERIO DE EDUCACION Y CIENCIA<br \/>Fecha de titulaci\u00f3n: 18\/01\/2011<br \/>3 Nombre del t\u00edtulo: LICENCIADO MEDICINA Y CIRUGIA<br \/>Entidad de titulaci\u00f3n: Facultad de Medicina de<br \/>Granada<br \/>Tipo de entidad: Universidad<br \/>Fecha de titulaci\u00f3n: 01\/06\/1999<\/p><h4><br \/>Doctorados<\/h4><p><br \/>1 Programa de doctorado: Master en actualizaci\u00f3n profesional en Radiolog\u00eda (PRO-RADIO).<br \/>Entidad de titulaci\u00f3n: Universidad Francisco de Victoria<br \/>Tipo de entidad: Universidad<br \/>Fecha de titulaci\u00f3n: 30\/04\/2021<\/p><p>2 Programa de doctorado: Master en Radiolog\u00eda Musculoesquel\u00e9tica y radiolog\u00eda Pedi\u00e1trica<br \/>Entidad de titulaci\u00f3n: Editorial Medica<br \/>Panamericana.<br \/>Tipo de entidad: Editorial<br \/>Fecha de titulaci\u00f3n: 05\/04\/2021<\/p><p>3 Programa de doctorado: Programa Oficial de Doctorado en Medicina Cl\u00ednica y Salud P\u00fablica<br \/>Entidad de titulaci\u00f3n: Universidad de Granada Tipo de entidad: Universidad<br \/>Fecha de titulaci\u00f3n: 17\/12\/2015<\/p><p>4 Programa de doctorado: EXPERTO UNIVERSITARIO. Radiolog\u00eda de la mama<br \/>Entidad de titulaci\u00f3n: Universitat de Barcelona Tipo de entidad: Universidad<br \/>Fecha de titulaci\u00f3n: 28\/10\/2014<\/p><p>5 Programa de doctorado: EXPERTO UNIVERSITARIO. Herramientas de gesti\u00f3n e investigaci\u00f3n sanitaria, UNED.<br \/>Entidad de titulaci\u00f3n: Universidad Nacional de<br \/>Educaci\u00f3n a Distancia<br \/>Tipo de entidad: Universidad<br \/>Fecha de titulaci\u00f3n: 30\/09\/2013<\/p><p>6 Programa de doctorado: Suficiencia Investigadora. Sobresaliente<br \/>Entidad de titulaci\u00f3n: Universidad de Granada Tipo de entidad: Universidad<br \/>Fecha de titulaci\u00f3n: 01\/12\/2002<\/p><p>7 Programa de doctorado: Cursos Monogr\u00e1ficos del doctorado<br \/>Entidad de titulaci\u00f3n: Universidad de Granada Tipo de entidad: Universidad<br \/>Fecha de titulaci\u00f3n: 15\/06\/2002<\/p><p>\u00a0<\/p><h4>Formaci\u00f3n sanitaria en I+D<\/h4><p>1 Nombre de la formaci\u00f3n: &#8211; Gesti\u00f3n de recursos bibliogr\u00e1ficos en investigaci\u00f3n<br \/>Entidad de titulaci\u00f3n: Unidad de Apoyo a la Investigaci\u00f3n (UPAI)<br \/>Departamento: Direcci\u00f3n HUVN<br \/>Fecha de inicio-fin: 01\/12\/2014 &#8211; 16\/12\/2014<\/p><p>2 Nombre de la formaci\u00f3n: Herramientas de gesti\u00f3n e investigaci\u00f3n sanitaria,<br \/>Categor\u00eda profesional: Experto Universitario<br \/>Entidad de titulaci\u00f3n: Universidad Nacional de Educaci\u00f3n a Distancia<br \/>Fecha de finalizaci\u00f3n: 30\/09\/2012<\/p><h4><br \/><br \/>Formaci\u00f3n sanitaria especializada impartida<\/h4><p><br \/>1 T\u00edtulo de la especialidad: Oncolog\u00eda, Radiolog\u00eda T\u00edtulo de la subespecialidad: C\u00e1ncer de recto<br \/>Entidad de titulaci\u00f3n: Hospital Universitario Virgen de<br \/>las Nieves (HUVN)<br \/>Tipo de entidad: Instituciones Sanitarias<br \/>Unidad: Oncolog\u00eda<br \/>Departamento: Oncolog\u00eda<br \/>Fecha de inicio-fin: 22\/02\/2024 &#8211; 23\/02\/2024<\/p><p>2 T\u00edtulo de la especialidad: Oncolog\u00eda, Radiolog\u00eda T\u00edtulo de la subespecialidad: C\u00e1ncer de recto<br \/>Entidad de titulaci\u00f3n: Hospital Universitario Virgen de<br \/>las Nieves (HUVN)<br \/>Tipo de entidad: Instituciones Sanitarias<br \/>Unidad: Oncolog\u00eda<br \/>Departamento: Oncolog\u00eda<br \/>Fecha de inicio-fin: 17\/02\/2023 &#8211; 18\/02\/2023<\/p><p>3 T\u00edtulo de la especialidad: Oncolog\u00eda, Radiolog\u00eda T\u00edtulo de la subespecialidad: Comit\u00e9 de C\u00e1ncer<br \/>Colorrectal<br \/>Entidad de titulaci\u00f3n: Hospital Universitario Virgen de<br \/>las Nieves (HUVN)<br \/>Tipo de entidad: Instituciones Sanitarias<br \/>Unidad: Oncolog\u00eda<br \/>Departamento: Oncolog\u00eda<br \/>Fecha de inicio-fin: 17\/03\/2022 &#8211; 18\/03\/2022<\/p><p><br \/>4 T\u00edtulo de la especialidad: Oncolog\u00eda, Radiolog\u00eda T\u00edtulo de la subespecialidad: C\u00e1ncer de esofago<br \/>Entidad de titulaci\u00f3n: Hospital Universitario Virgen de<br \/>las Nieves (HUVN)<br \/>Tipo de entidad: Instituciones Sanitarias<br \/>Unidad: Oncolog\u00eda<br \/>Departamento: Oncolog\u00eda<br \/>Fecha de inicio-fin: 17\/02\/2022 &#8211; 18\/02\/2022<\/p><p><br \/>5 T\u00edtulo de la especialidad: Jornada SEMNIM. C\u00f3rdoba,<br \/>7-8 Junio 2019<br \/>T\u00edtulo de la subespecialidad: Radiolog\u00eda oncol\u00f3gica<br \/>Entidad de titulaci\u00f3n: SEMNIM Tipo de entidad: Asociaciones y Agrupaciones<br \/>Fecha de inicio-fin: 07\/06\/2019 &#8211; 08\/06\/2019<\/p><p><br \/>6 T\u00edtulo de la especialidad: Oncolog\u00eda, Radiolog\u00eda T\u00edtulo de la subespecialidad: Comit\u00e9 de C\u00e1ncer<br \/>Colorrectal<br \/>Entidad de titulaci\u00f3n: Hospital Universitario Virgen de<br \/>las Nieves (HUVN)<br \/>Tipo de entidad: Instituciones Sanitarias<br \/>Unidad: Oncolog\u00eda<br \/>Departamento: Oncolog\u00eda<br \/>Fecha de inicio-fin: 15\/02\/2019 &#8211; 15\/02\/2019<\/p><h4><br \/>Tutor\u00edas acad\u00e9micas de estudiantes<\/h4><p><br \/>1 Nombre del programa: Cooperaci\u00f3n educativa<br \/>Entidad de realizaci\u00f3n: TUTORA DE PR\u00c1CTICAS EN<br \/>EL GRADO DE MEDICINA<br \/>Tipo de entidad: Universidad<\/p><p><br \/>2 Nombre del programa: Formaci\u00f3n MIR<br \/>Entidad de realizaci\u00f3n: Servicio Radiolog\u00eda HUVN Tipo de entidad: Instituciones Sanitarias<\/p><h4>Actividad sanitaria<\/h4><p><br \/>Actividad sanitaria en instituciones de la UE<br \/>1 Resultados relevantes: M\u00c9DICO INTERNO RESIDENTE<br \/>Entidad de realizaci\u00f3n: Hospital Universitario Virgen de<br \/>las Nieves<br \/>Tipo de entidad: Instituciones Sanitarias<br \/>Entidad de afiliaci\u00f3n: Servicio Andaluz De Salud<br \/>Fecha de inicio-fin: 01\/01\/2003 &#8211; 31\/12\/2007<\/p><p>2 Resultados relevantes: Especialista en Radiodiagn\u00f3tico<br \/>Entidad de realizaci\u00f3n: Hospital Universitario Virgen de<br \/>las Nieves<br \/>Tipo de entidad: Instituciones Sanitarias<br \/>Entidad de afiliaci\u00f3n: Servicio Andaluz de Salud<br \/>Fecha de inicio: 01\/01\/2008<\/p><h4><br \/>Cursos y seminarios impartidos orientados a la mejora de la atenci\u00f3n de salud para<br \/>profesionales sanitarios<\/h4><p><br \/>1 Nombre del curso: Curso de entrenamiento en la atenci\u00f3n al ni\u00f1o politraumatizado. MASTER DE URGENCIAS Y<br \/>EMERGENCIAS<br \/>Ciudad entidad organizadora: Granada, Andaluc\u00eda, Espa\u00f1a<br \/>Entidad de realizaci\u00f3n: Universidad de Granada Tipo de entidad: Universidad<br \/>Diagn\u00f3stico del traumatismo craneoencef\u00e1lico, tor\u00e1cico y abdominal.<br \/>Fecha de inicio: 01\/05\/2015<\/p><p><br \/>2 Nombre del curso: Curso de entrenamiento en la atenci\u00f3n al ni\u00f1o politraumatizado. MASTER DE URGENCIAS Y<br \/>EMERGENCIAS<br \/>Ciudad entidad organizadora: Granada, Andaluc\u00eda, Espa\u00f1a<br \/>Entidad de realizaci\u00f3n: Universidad de Granada Tipo de entidad: Universidad<br \/>Diagn\u00f3stico del traumatismo craneoencef\u00e1lico, tor\u00e1cico y abdominal.<br \/>Fecha de inicio: 01\/05\/2014<\/p><h4><br \/>Protocolos y otros materiales de atenci\u00f3n de salud<\/h4><p><br \/>Angela Salmer\u00f3n Ruiz. https:\/\/academia.saom.es\/. https:\/\/academia.saom.es\/,<br \/>Autor de correspondencia: No<br \/>Nombre del protocolo: Gu\u00eda de pr\u00e1ctica Cl\u00ednica Multidisciplinar para el abordaje y manejo del c\u00e1ncer de<br \/>pancreas<br \/>Fecha de elaboraci\u00f3n: 2022<br \/>Tipo de soporte: Electr\u00f3nico<\/p><h4><br \/>Otras actividades\/m\u00e9ritos no incluidos en la relaci\u00f3n anterior<\/h4><p><br \/>1 Otras actividades relevantes: Certificado de M\u00e9rito a la comunicaci\u00f3n electr\u00f3nica: A Salmer\u00f3n Ruiz, N Romera<br \/>Romera, J Garc\u00eda Espinosa, E S\u00e1nchez Mu\u00f1oz, F Miras Azc\u00f3n, A Medina Ben\u00edtez. Colangiocarcinoma intra y<br \/>extrahep\u00e1tico. Colangiocarcinoma y cirrosis. 32 Congreso de la SERAM. Mayo 2014<br \/>Entidad de realizaci\u00f3n: SERAM Tipo de entidad: Asociaciones y Agrupaciones<\/p><p><br \/>2 Otras actividades relevantes: Cuarto premio a la mejor comunicaci\u00f3n oral: MD Garcia Roa, \u00c1ngela Salmer\u00f3n<br \/>Ruiz, Francisco Jos\u00e9 berm\u00fades Jim\u00e9nez, Antonio Gamez Mart\u00ednez, Genaro L\u00f3pez Milena. Cardio RM en el<br \/>estudio de la miocardiopat\u00eda compactada. XVI congreso de la asociaci\u00f3n de radi\u00f3logos del sur. 15 de Octubre de<br \/>2015<br \/>Entidad de realizaci\u00f3n: Sociedad Andaluza de<br \/>Radiolog\u00eda<br \/>Tipo de entidad: Asociaciones y Agrupaciones<\/p><p>3 Otras actividades relevantes: Miembro de la Sociedad Andaluza de Radiolog\u00eda<br \/>Entidad de realizaci\u00f3n: Sociedad Andaluza de<br \/>Radiolog\u00eda<br \/>Tipo de entidad: Asociaciones y Agrupaciones<\/p><p>4 Otras actividades relevantes: Miembro de la Sociedad Espa\u00f1ola de Radiolog\u00eda<br \/>Entidad de realizaci\u00f3n: SERAM Tipo de entidad: Asociaciones y Agrupaciones<\/p><p>5 Otras actividades relevantes: Miembro del Comit\u00e9 de tumores<br \/>Entidad de realizaci\u00f3n: HUVN Tipo de entidad: Instituciones Sanitarias<\/p><p>6 Otras actividades relevantes: Tutora de Residentes<br \/>Entidad de realizaci\u00f3n: Hospital Universitario Virgen de<br \/>las Nieves<br \/>Tipo de entidad: Instituciones Sanitarias<\/p><h4>Experiencia cient\u00edfica y tecnol\u00f3gica<\/h4><h4><br \/>Actividad cient\u00edfica o tecnol\u00f3gica<br \/>Proyectos de I+D+i financiados en convocatorias competitivas de Administraciones o<br \/>entidades p\u00fablicas y privadas<\/h4><p><br \/>Nombre del proyecto: Prevalencia de enfermedad de h\u00edgado graso no alcoh\u00f3lico en poblaci\u00f3n obesa<br \/>infantil. Factores que determinan la asociaci\u00f3n entre el aumento de actividad de alanino-transferasa y<br \/>obesidad\u201d. Expediente 231\/04<br \/>Entidad de realizaci\u00f3n: Hospital Universitario San<br \/>Cecilio<br \/>Tipo de entidad: Instituciones Sanitarias<br \/>Fecha de inicio-fin: 01\/01\/2004 &#8211; 01\/01\/2006<br \/>Cuant\u00eda total: 10.000 \u20ac<\/p><h4><br \/>Actividades cient\u00edficas y tecnol\u00f3gicas<\/h4><h4><br \/>Producci\u00f3n cient\u00edfica<br \/>Publicaciones, documentos cient\u00edficos y t\u00e9cnicos<\/h4><p><br \/>1 M\u00f3nica Crespo Balbuena; \u00c1ngela Salmer\u00f3n Ruiz; Antonio Medina Ben\u00edtez; Mar\u00eda G\u00f3mez Huertas; Mario Rivera<br \/>Izquierdo; Antonio Jes\u00fas L\u00e1inez Ramos-Bossini. Cystic artery peak systolic velocity as\ufffddiagnostic biomarker in<br \/>acute cholecystitis. Main results from a prospective observational study. Journal of Gastrointestinal Surgery. En<br \/>prensa, Elsevier, 15\/04\/2024.<br \/>Tipo de producci\u00f3n: Art\u00edculo cient\u00edfico Tipo de soporte: Revista<br \/>Autor de correspondencia: No<\/p><p>2 David Luengo; \u00c1ngela Salmer\u00f3n Ruiz; Antonio Med\u00edna; Javier Pastor; Mercedes Cava. Utothelial<br \/>carcinomamasqueranding as retroperotoneal fibrosis. A caso report. Oncology Letters. 27 &#8211; 5, pp. 195 &#8211; 195.<br \/>01\/03\/2024.<br \/>Tipo de producci\u00f3n: Art\u00edculo cient\u00edfico Tipo de soporte: Revista<br \/>Autor de correspondencia: Si<\/p><p>3 Angela Salmer\u00f3n Ruiz; D. Luengo G\u00f3mez; Antonio Medina Beitez; A.J. La\u00ednez Ramos-Bossini. Primary staging<br \/>of rectal cancer on MRI: an updated pictorial review with focus on common pitfalls and current controversies.<br \/>Europeean Journal of Radiology https:\/\/doi.org\/10.1016\/j.ejrad.2024.111417. 175 &#8211; 1, pp. 1 &#8211; 8. Elsevier, 2024.<br \/>Tipo de producci\u00f3n: Art\u00edculo cient\u00edfico Tipo de soporte: Revista<br \/>Autor de correspondencia: Si<\/p><p>4 M.A. P\u00e9rez Rosillo; M. G\u00f3mez Huertas; Angela Salmer\u00f3n Ruiz; A.J. La\u00ednez Ramos-Bossini. Acute abdomen<br \/>secondary to torsion and infarction of a wandering spleen. J. Gastroenterol Hepatol.44 &#8211; 8, pp. 585 &#8211; 586. 2021.<br \/>Tipo de producci\u00f3n: Art\u00edculo cient\u00edfico Tipo de soporte: Revista<br \/>Autor de correspondencia: Si<\/p><p>5 J.A. Vargas Hitos; J Jim\u00e9nez J\u00e1imez; E. Molina Navarro; Angela Salmer\u00f3n Ruiz; Genaro L\u00f3pez Milena; J. Jim\u00e9nez<br \/>Alonso. Takayasu arteritis, malignant hypertension and severe left ventricular hypertrophy.Int J Rheum Dis.22 &#8211; 5,<br \/>pp. 951 &#8211; 955. Wiley, 2019.<br \/>Tipo de producci\u00f3n: Art\u00edculo cient\u00edfico Tipo de soporte: Revista<br \/>Autor de correspondencia: Si<\/p><p>6 C. San Miguel Mendez; M.J. \u00c1lvarez Mart\u00edn; M. Mogoll\u00f3n Gonz\u00e1lez; I. Segura Jim\u00e9nez; R. Conde Mu\u00ed\u00f1o;<br \/>Angela Salmer\u00f3n Ruiz; P. Palma Carazo. Gastroduodenal involvement as an unusual presentation of Crohn\u2019s<br \/>disease.Actualidad M\u00e9dica. 101 &#8211; 798, pp. 109 &#8211; 1011. CAMN, 2016.<br \/>Tipo de producci\u00f3n: Art\u00edculo cient\u00edfico Tipo de soporte: Revista<br \/>Autor de correspondencia: Si<\/p><p>7 \u00c1ngeles Ruiz Extremera; \u00c1ngel Carazo; Angela Salmer\u00f3n Ruiz; Josefa Le\u00f3n; Jorge Casado; Alejandro<br \/>Goicoechea Vera; Juan Manuel Fern\u00e1ndez; J.M. Gar\u00f3fano; Esther Ocete Hita; Ana Bel\u00e9n Mart\u00edn; Esther Pav\u00f3n;<br \/>Javier Salmer\u00f3n Escobar. Factors associated with hepatic steatosis in obese children and adolescents.J Pediatr<br \/>Gastroenterol Nutr. 53 &#8211; 2, pp. 196 &#8211; 201. Lippincott, 2011.<br \/>Tipo de producci\u00f3n: Art\u00edculo cient\u00edfico Tipo de soporte: Revista<br \/>Autor de correspondencia: Si<\/p><p>8 E. Ruiz Carazo; N. Lacasa P\u00e9rez; Angela Salmer\u00f3n Ruiz; J.D. Molina Nuevo. MALT-type primary lymphoma of the<br \/>esophagus: imaging findings.Radiologia. 50 &#8211; 4, pp. 327 &#8211; 330. Elsevier, 2008.<br \/>Tipo de producci\u00f3n: Art\u00edculo cient\u00edfico Tipo de soporte: Revista<br \/>Autor de correspondencia: Si<\/p><p>9 A.J. La\u00ednez Ramos-Bossini; Angela Salmer\u00f3n Ruiz; JP Mart\u00ednez Barbero; J.P Mart\u00edn Molina; Genaro L\u00f3pez<br \/>Milena; J.L. Mart\u00edn Rodr\u00edguez; F. Ruiz Santiago. Cross-sectional correlate for integrative imaging (anatomical<br \/>radiology). En: Gholamrezanezhad A, Assadi M, Jadvar H. Multidisciplinary Diagnostic Imaging: Radiology-Nuclear<br \/>Medicine Correlative Imaging.pp. 52 &#8211; 132. Wiley-Blackwell. ISBN-10: 1119603617, 2022.<br \/>Tipo de producci\u00f3n: Cap\u00edtulo de libro Tipo de soporte: Libro<br \/>Autor de correspondencia: Si<\/p><p>10 Cuidados centrados en el desarrollo y plasticidad cerebral. Pediatr\u00eda en Ciencias de la salud. pp. 39 &#8211; 48.<br \/>Universidad de Granada, 2013.<br \/>Tipo de producci\u00f3n: Cap\u00edtulo de libro Tipo de soporte: Libro<br \/>Autor de correspondencia: No<\/p><p>11 Enfermedades neuromusculares en la infancia. Pediatr\u00eda en Ciencias de la Salud. pp. 453 &#8211; 464. Universidad de<br \/>Granada, 2013.<br \/>Tipo de producci\u00f3n: Cap\u00edtulo de libro Tipo de soporte: Libro<\/p><p>12 Pediatr\u00eda en Ciencias de la Salud. Trastornos auditivos en la infancia. pp. 391 &#8211; 400. Universidad de Granada,<br \/>2013.<br \/>Tipo de producci\u00f3n: Cap\u00edtulo de libro Tipo de soporte: Libro<\/p><p>13 Riesgo social y familiar. Pediatr\u00eda en Ciencias de la Salud. 2013: 273-280. ISBN:, pp. 273 &#8211; 280. Universidad de<br \/>Granada, 2013.<br \/>Tipo de producci\u00f3n: Cap\u00edtulo de libro Tipo de soporte: Libro<br \/>Autor de correspondencia: No<\/p><p>14 Trastornos visuales. Retinopatia del prematuro. ambliop\u00eda. Trastornos de refracci\u00f3n. Pediatr\u00eda en Ciencias de la<br \/>Salud. pp. 381 &#8211; 390. Universidad de Granada, 2013.<br \/>Tipo de producci\u00f3n: Cap\u00edtulo de libro Tipo de soporte: Libro<\/p><p>15 \u00c9tica en Pediatr\u00eda. Pediatr\u00eda en Ciencias de la Salud. pp. 301 &#8211; 310. Universidad de Granada, 2013.<br \/>Tipo de producci\u00f3n: Cap\u00edtulo de libro Tipo de soporte: Libro<\/p><h4><br \/>Trabajos presentados en congresos nacionales o internacionales<\/h4><p><br \/>1 T\u00edtulo del trabajo: Hallazgos radiol\u00f3gicos en el diagn\u00f3stico y seguimiento de los tumores del estroma<br \/>g\u00e1strointestinal.<br \/>Nombre del congreso: XI Congreso de la Asociaci\u00f3n de Radi\u00f3logos del Sur<br \/>Autor de correspondencia: Si<br \/>Ciudad de celebraci\u00f3n: Cabra (Cordoba), Andaluc\u00eda, Espa\u00f1a<br \/>Fecha de celebraci\u00f3n: 01\/11\/2105<br \/>Entidad organizadora: Asociaci\u00f3n de Radi\u00f3logos<br \/>del Sur<br \/>Tipo de entidad: Asociaciones y Agrupaciones<br \/>Ciudad entidad organizadora: Cordoba, Andaluc\u00eda, Espa\u00f1a<br \/>\u00abHallazgos radiol\u00f3gicos en el diagn\u00f3stico y seguimiento de los tumores del estroma g\u00e1strointestinal.\u00bb.<\/p><p>2 T\u00edtulo del trabajo: MRI of rectal cancer staging: challenges and solutions<br \/>Nombre del congreso: European Congress of Radiology<br \/>Ciudad de celebraci\u00f3n: Viena, Austria<br \/>Fecha de celebraci\u00f3n: 28\/02\/2024<br \/>Fecha de finalizaci\u00f3n: 03\/03\/2024<br \/>Entidad organizadora: SER Tipo de entidad: Asociaciones y Agrupaciones<br \/>Ciudad entidad organizadora: Viena, Austria<\/p><p>3 T\u00edtulo del trabajo: Telerobotic ultrasound of the abdomen and pelvis: a prospective comparative study.<br \/>Nombre del congreso: European Congress of Radiology<br \/>Ciudad de celebraci\u00f3n: Viena, Austria<br \/>Fecha de celebraci\u00f3n: 28\/02\/2024<br \/>Fecha de finalizaci\u00f3n: 03\/03\/2024<br \/>Entidad organizadora: SER Tipo de entidad: Asociaciones y Agrupaciones<br \/>Ciudad entidad organizadora: Viena, Austria<\/p><p>4 T\u00edtulo del trabajo: Velocidad pico-sist\u00f3lica en la arteria c\u00edstica mediante ecograf\u00eda Doppler en el<br \/>diagn\u00f3stico de colecistitis aguda.<br \/>Nombre del congreso: XXII Congreso SEDIA.<br \/>Ciudad de celebraci\u00f3n: Salamanca, Espa\u00f1a<br \/>Fecha de celebraci\u00f3n: 19\/10\/2023<\/p><p>Fecha de finalizaci\u00f3n: 20\/10\/2023<br \/>Entidad organizadora: SEDIA<br \/>Ciudad entidad organizadora: Salamanca, Espa\u00f1a<\/p><p>5 T\u00edtulo del trabajo: Aneurismas viscerales: el paradigma de una radiolog\u00eda diagn\u00f3stica y terap\u00e9utica.<br \/>Nombre del congreso: XIX Congreso de la Sociedad Espa\u00f1ola de Radiolog\u00eda Abdominal.<br \/>Ciudad de celebraci\u00f3n: Cordoba, Andaluc\u00eda, Espa\u00f1a<br \/>Fecha de celebraci\u00f3n: 25\/10\/2019<br \/>Fecha de finalizaci\u00f3n: 26\/10\/2019<br \/>Entidad organizadora: SERAM Tipo de entidad: Asociaciones y Agrupaciones<br \/>Ciudad entidad organizadora: Cordoba, Andaluc\u00eda, Espa\u00f1a<\/p><p>6 T\u00edtulo del trabajo: Enfoque multidisciplinar del c\u00e1ncer de recto \u00bfSe puede individualizar el tratamiento?:<br \/>Tenemos que radiar a todos los pacientes. La opini\u00f3n del radi\u00f3logo<br \/>Nombre del congreso: XIV congreso asociaci\u00f3n andaluza de cirujanos<br \/>Ciudad de celebraci\u00f3n: Baeza. Jaen, Andaluc\u00eda, Espa\u00f1a<br \/>Fecha de celebraci\u00f3n: 16\/06\/2015<br \/>Fecha de finalizaci\u00f3n: 17\/06\/2015<br \/>Entidad organizadora: Asociaci\u00f3n andaluza de cirujanos<br \/>Ciudad entidad organizadora: Jaen, Andaluc\u00eda, Espa\u00f1a<br \/>\u00abEnfoque multidisciplinar del c\u00e1ncer de recto \u00bfSe puede individualizar el tratamiento?: Tenemos que radiar<br \/>a todos los pacientes. La opini\u00f3n del radi\u00f3logo\u00bb.<\/p><p>7 T\u00edtulo del trabajo: Diagn\u00f3stico ecogr\u00e1fico de las complicaciones venosas en el trasplante renal.<br \/>Nombre del congreso: XXVIII Congreso Nacional de la SERAM y XXIII Congreso Interamericano de<br \/>Radiolog\u00eda CIR<br \/>Ciudad de celebraci\u00f3n: Zaragoza, Arag\u00f3n, Espa\u00f1a<br \/>Fecha de celebraci\u00f3n: 01\/05\/2006<br \/>Entidad organizadora: SERAM Tipo de entidad: Asociaciones y Agrupaciones<br \/>Ciudad entidad organizadora: Zaragoza, Arag\u00f3n, Espa\u00f1a<\/p><p>8 T\u00edtulo del trabajo: Embolizaci\u00f3n de miomas uterinos en una serie de 81 casos<br \/>Nombre del congreso: XXVIII. Congreso Nacional de la SERAM y XXIII Congreso Interamericano de<br \/>Radiolog\u00eda CIR.<br \/>Ciudad de celebraci\u00f3n: Zaragoza, Arag\u00f3n, Espa\u00f1a<br \/>Fecha de celebraci\u00f3n: 01\/05\/2006<br \/>Entidad organizadora: SERAM Tipo de entidad: Asociaciones y Agrupaciones<br \/>Ciudad entidad organizadora: Zaragoza,<\/p><p>9 T\u00edtulo del trabajo: Neuroma de Morton: Diagn\u00f3stico mediante ecograf\u00eda y RM<br \/>Nombre del congreso: Congreso Nacional de la SERAM y XXIII Congreso Interamericano de Radiolog\u00eda<br \/>CIR<br \/>Ciudad de celebraci\u00f3n: Zaragoza, Arag\u00f3n, Espa\u00f1a<br \/>Fecha de celebraci\u00f3n: 01\/05\/2006<br \/>Entidad organizadora: SERAN Tipo de entidad: Asociaciones y Agrupaciones<br \/>Ciudad entidad organizadora: Zaragoza, Arag\u00f3n, Espa\u00f1a<\/p><p>10 T\u00edtulo del trabajo: Obstrucci\u00f3n Biliar por cavernomatosis portal.<br \/>Nombre del congreso: XI Congreso de la Asociaci\u00f3n de Radi\u00f3logos del Sur.<br \/>Autor de correspondencia: No<br \/>Ciudad de celebraci\u00f3n: Cabra, Andaluc\u00eda, Espa\u00f1a<\/p><p>Fecha de celebraci\u00f3n: 01\/11\/2005<br \/>Fecha de finalizaci\u00f3n: 03\/11\/2005<br \/>Entidad organizadora: Asociaci\u00f3n de Radi\u00f3logos del Sur.<br \/>Ciudad entidad organizadora: Cordoba, Andaluc\u00eda, Espa\u00f1a<br \/>\u00abObstrucci\u00f3n Biliar por cavernomatosis portal.\u00bb.<\/p><p>11 T\u00edtulo del trabajo: Diagn\u00f3stico mediante TCH y RM de la coalici\u00f3n tarsiana<br \/>Nombre del congreso: XXVIII Congreso Nacional de la SERAM y XXIII Congreso Interamericano de<br \/>Radiolog\u00eda CIR.<br \/>Ciudad de celebraci\u00f3n: Zaragoza, Arag\u00f3n, Espa\u00f1a<br \/>Entidad organizadora: Sociedad Nacional de Radiolog\u00eda e Interamericano<br \/>Ciudad entidad organizadora: Zaragoza,<br \/>\u00abDiagn\u00f3stico mediante TCH y RM de la coalici\u00f3n tarsiana\u00bb.<\/p>\t\t\t\t\t\t\t\t<\/div>\n\t\t\t\t<\/div>\n\t\t\t\t\t<\/div>\n\t\t\t\t<\/div>\n\t\t\t\t<\/div>\n\t\t","protected":false},"excerpt":{"rendered":"<p>\u00a0 Curriculum Vitae Titulaci\u00f3n universitaria Estudios de 1\u00ba y 2\u00ba ciclo, y antiguos ciclos (Licenciados, Diplomados, Ingenieros Superiores,Ingenieros T\u00e9cnicos, Arquitectos) 1 Nombre del t\u00edtulo: Doctor en Medicina y Cirug\u00edaEntidad de titulaci\u00f3n: Universidad de Granada Tipo de entidad: UniversidadFecha de titulaci\u00f3n: 01\/02\/2015 2 Nombre del t\u00edtulo: ESPECIALISTA EN RADIODIAGNOSTICOEntidad de titulaci\u00f3n: MINISTERIO DE EDUCACION Y CIENCIAFecha &hellip; <\/p>\n<p class=\"link-more\"><a href=\"https:\/\/3dtranslation.com\/index.php\/cv-angela-salmeron\/\" class=\"more-link\">Leer m\u00e1s<span class=\"screen-reader-text\"> \u00abCV \u00c1ngela Salmer\u00f3n\u00bb<\/span><\/a><\/p>\n","protected":false},"author":1,"featured_media":0,"parent":0,"menu_order":0,"comment_status":"closed","ping_status":"closed","template":"","meta":{"footnotes":""},"class_list":["post-3894","page","type-page","status-publish","hentry"],"_links":{"self":[{"href":"https:\/\/3dtranslation.com\/index.php\/wp-json\/wp\/v2\/pages\/3894","targetHints":{"allow":["GET"]}}],"collection":[{"href":"https:\/\/3dtranslation.com\/index.php\/wp-json\/wp\/v2\/pages"}],"about":[{"href":"https:\/\/3dtranslation.com\/index.php\/wp-json\/wp\/v2\/types\/page"}],"author":[{"embeddable":true,"href":"https:\/\/3dtranslation.com\/index.php\/wp-json\/wp\/v2\/users\/1"}],"replies":[{"embeddable":true,"href":"https:\/\/3dtranslation.com\/index.php\/wp-json\/wp\/v2\/comments?post=3894"}],"version-history":[{"count":4,"href":"https:\/\/3dtranslation.com\/index.php\/wp-json\/wp\/v2\/pages\/3894\/revisions"}],"predecessor-version":[{"id":3902,"href":"https:\/\/3dtranslation.com\/index.php\/wp-json\/wp\/v2\/pages\/3894\/revisions\/3902"}],"wp:attachment":[{"href":"https:\/\/3dtranslation.com\/index.php\/wp-json\/wp\/v2\/media?parent=3894"}],"curies":[{"name":"wp","href":"https:\/\/api.w.org\/{rel}","templated":true}]}}