{"id":3896,"date":"2024-11-11T10:11:18","date_gmt":"2024-11-11T09:11:18","guid":{"rendered":"https:\/\/3dtranslation.com\/?page_id=3896"},"modified":"2024-11-11T11:25:43","modified_gmt":"2024-11-11T10:25:43","slug":"cv-fernando-ruiz-santiago","status":"publish","type":"page","link":"https:\/\/3dtranslation.com\/index.php\/cv-fernando-ruiz-santiago\/","title":{"rendered":"CV Fernando Ruiz Santiago"},"content":{"rendered":"\t\t<div data-elementor-type=\"wp-page\" data-elementor-id=\"3896\" class=\"elementor elementor-3896\">\n\t\t\t\t<div class=\"elementor-element elementor-element-fe39a34 e-flex e-con-boxed e-con e-parent\" data-id=\"fe39a34\" data-element_type=\"container\" data-e-type=\"container\">\n\t\t\t\t\t<div class=\"e-con-inner\">\n\t\t<div class=\"elementor-element elementor-element-01d4327 e-con-full e-flex e-con e-child\" data-id=\"01d4327\" data-element_type=\"container\" data-e-type=\"container\">\n\t\t\t\t<div class=\"elementor-element elementor-element-5ee9368 elementor-widget elementor-widget-text-editor\" data-id=\"5ee9368\" data-element_type=\"widget\" data-e-type=\"widget\" data-widget_type=\"text-editor.default\">\n\t\t\t\t<div class=\"elementor-widget-container\">\n\t\t\t\t\t\t\t\t\t<h1 style=\"text-align: center;\">\u00a0<\/h1><h1 style=\"text-align: center;\"><span style=\"color: #000080;\">Curriculum Vitae <br \/><\/span><\/h1>\t\t\t\t\t\t\t\t<\/div>\n\t\t\t\t<\/div>\n\t\t\t\t<\/div>\n\t\t<div class=\"elementor-element elementor-element-1dd70bf e-con-full e-flex e-con e-child\" data-id=\"1dd70bf\" data-element_type=\"container\" data-e-type=\"container\">\n\t\t\t\t<div class=\"elementor-element elementor-element-372415f elementor-widget elementor-widget-image\" data-id=\"372415f\" data-element_type=\"widget\" data-e-type=\"widget\" data-widget_type=\"image.default\">\n\t\t\t\t<div class=\"elementor-widget-container\">\n\t\t\t\t\t\t\t\t\t\t\t\t\t\t\t<img fetchpriority=\"high\" decoding=\"async\" width=\"300\" height=\"300\" src=\"https:\/\/3dtranslation.com\/wp-content\/uploads\/2024\/11\/Santiago-300x300.png\" class=\"attachment-medium size-medium wp-image-3844\" alt=\"\" srcset=\"https:\/\/3dtranslation.com\/wp-content\/uploads\/2024\/11\/Santiago-300x300.png 300w, https:\/\/3dtranslation.com\/wp-content\/uploads\/2024\/11\/Santiago-1024x1024.png 1024w, https:\/\/3dtranslation.com\/wp-content\/uploads\/2024\/11\/Santiago-150x150.png 150w, https:\/\/3dtranslation.com\/wp-content\/uploads\/2024\/11\/Santiago-2048x2048.png 2048w, https:\/\/3dtranslation.com\/wp-content\/uploads\/2024\/11\/Santiago-2000x2000.png 2000w, https:\/\/3dtranslation.com\/wp-content\/uploads\/2024\/11\/Santiago-1536x1536.png 1536w\" sizes=\"100vw\" \/>\t\t\t\t\t\t\t\t\t\t\t\t\t\t\t<\/div>\n\t\t\t\t<\/div>\n\t\t\t\t<\/div>\n\t\t\t\t\t<\/div>\n\t\t\t\t<\/div>\n\t\t<div class=\"elementor-element elementor-element-ca095bf e-flex e-con-boxed e-con e-parent\" data-id=\"ca095bf\" data-element_type=\"container\" data-e-type=\"container\">\n\t\t\t\t\t<div class=\"e-con-inner\">\n\t\t\t\t<div class=\"elementor-element elementor-element-5c9b422 elementor-widget elementor-widget-text-editor\" data-id=\"5c9b422\" data-element_type=\"widget\" data-e-type=\"widget\" data-widget_type=\"text-editor.default\">\n\t\t\t\t<div class=\"elementor-widget-container\">\n\t\t\t\t\t\t\t\t\t<h2 style=\"text-align: left;\">Resumen libre del curr\u00edculum<\/h2><p>ACTIVIDAD CL\u00cdNICA.<br \/>Actividad diagn\u00f3stica en radiolog\u00eda convencional, ecograf\u00eda, TC, Resonancia Magn\u00e9tica (RM)<br \/>centrada en la patolog\u00eda musculoesquel\u00e9tica.<br \/>Actividad intervencionista diagn\u00f3stico-terap\u00e9utica a nivel articular (artrograf\u00eda), tumoral-<br \/>infeccioso (biopsias con aguja fina y gruesa), espinal (mielograf\u00eda).<br \/>Hemos introducido las t\u00e9cnicas de ABLACI\u00d3N TERMAL CON RADIOFRECUENCIA para<br \/>el tratamiento percut\u00e1neo de lesiones tumorales esquel\u00e9ticas y la VERTEBROPLASTIA-<br \/>CIFOPLASTIA PERCUT\u00c1NEA para el tratamiento de fracturas vertebrales osteopor\u00f3ticas o<br \/>tumorales.<br \/>ACTIVIDAD DOCENTE<br \/>Profesor asociado en Radiolog\u00eda y Medicina F\u00edsica desde el 1-10-2002 hasta el 13-11-2018<br \/>Profesor titular vinculado desde el 14-11-20182<br \/>Acreditado por ANECA en las siguientes figuras.<br \/>1. Profesor Contratado Doctor.28-10-2008<br \/>2. Profesor Ayudante Doctor. 28-10-2008<br \/>3. Profesor Titular de Universidad. 15-10-2015<br \/>Evaluaci\u00f3n positiva como profesor contratado doctor con vinculaci\u00f3n al SSPA. 2-9-2013.<br \/>Acreditaci\u00f3n de calidad a nivel de Experto del Servicio Andaluz de Salud. 14 de Mayo de 2010<br \/>Soy revisor de las revistas EUROPEAN RADIOLOGY Y SKELETAL RADIOLOGY<\/p><h2>M\u00e9ritos m\u00e1s relevantes<\/h2><h4>Publicaciones<\/h4><p>1 Art\u00edculo cient\u00edfico. (1\/4) FERNANDO (AC); ANTONIO JESUS; ALBERTO;<br \/>JADE. 2021. Chondroblastoma treatment by radiofrequency thermal<br \/>ablation: Initial experience and implementation. EUROPEAN JOURNA<br \/>OF RADIOLOGY. ELSEVIER. 144, pp.109950. ISSN 0720-048X. WOS<br \/>(1) https:\/\/doi.org\/10.1016\/j.ejrad.2021.109950<\/p><p>2 Art\u00edculo cient\u00edfico. ANTONIO JESUS; DANIEL; (3\/3) FERNANDO. 2021. Percutaneous<br \/>vertebroplasty versus conservative treatment and placebo in osteoporotic<br \/>vertebral fractures: meta-analysis and critical review of the<br \/>literature. EUROPEAN RADIOLOGY. SPRINGER. 31, pp.8542-8553. ISSN<br \/>1432-1084. https:\/\/doi.org\/10.1007\/s00330-021-08018-1<\/p><p>3 Art\u00edculo cient\u00edfico. (1\/1) FERNANDO RUIZ SANTIAGO (AC). 2019. Short-term<br \/>comparison between blind and ultrasound guided injection in Morton<br \/>neuroma. EUROPEAN RADIOLOGY. SPRINGER. 29-2, pp.620-627. ISSN<br \/>0938-7994. https:\/\/doi.org\/10.1007\/s00330-018-5670-1<\/p><p>4 Art\u00edculo cient\u00edfico. (1\/3) 1; 2; 3. 2023. Factors influencing vertebral collapse in osteoporotic<br \/>vertebral fractures: a case-control study of symptomatic patients attended in the emergency<br \/>department. ARCHIVES OF OSTEOPOROSIS. SPRINGER. 19-1, pp.6.<\/p><p>5 Art\u00edculo cient\u00edfico. 1; 2; 3; (4\/4) 4. 2023. The Educational Impact of Radiology in Anatomy<br \/>Teaching: A Field Study Using Cross-Sectional Imaging and 3D Printing for the Study of the<br \/>Spine. ACADEMIC RADIOLOGY. ELSEVIER. 31-1, pp.329-337.<\/p><p>6 Art\u00edculo cient\u00edfico. (1\/4) 1; 2; 3; 4. 2023. The relevance of T2 relaxation time in interpreting<br \/>MRI apparent diffusion coefficient (ADC) map for musculoskeletal structures. Quant Imaging<br \/>Med Surg. AME Publishing Company. 13-12, pp.7657-7666.<\/p><p>7 Art\u00edculo cient\u00edfico. (1\/3) 1 (AC); 2; 3. 2023. Ultrasound guided injections in ankle and<br \/>foot. JOURNAL OF ULTRASOUND. SPRINGER.<\/p><p>8 Art\u00edculo cient\u00edfico. (1\/6) 1 (AC); 2; 3; 4; 5; 6. 2022. The value of<br \/>magnetic resonance imaging and computed tomography in the study of spinal<br \/>disorders. QUANTITATIVE IMAGING IN MEDICINE AND SURGERY. AME PUBLISHING<br \/>GROUP. 12-7, pp.3947-3986.<\/p><p>9 Art\u00edculo cient\u00edfico. (1\/5) 1 (AC); 2; 3; 4; 5. 2022. Long-term comparison between<br \/>blind and ultrasound-guided corticoid injections in Morton neuroma. EUROPEAN<br \/>RADIOLOGY. SPRINGER. 31-12, pp.8414-8422.<\/p><p>10 Art\u00edculo cient\u00edfico. 2; 1; (3\/3) 3 (AC). 2022. Radiographic<br \/>diagnosis of osteoporotic vertebral fractures. Anupdated review. MEDICINA<br \/>CLINICA. DOYMA. 158, pp.125-132. ISSN 0025-7753. WOS (1)<\/p><p>11 Art\u00edculo cient\u00edfico. ALBERTO; JADE; ANTONIO JESUS; (4\/4)<br \/>FERNANDO. 2021. Percutaneous Microwave Ablation of Desmoid Fibromatosis. korean<br \/>Journal of Radiology. XMLink. 22-6, pp.944-950. ISSN 2005-8330. WOS<br \/>(1) https:\/\/doi.org\/10.3348\/kjr.2020.0768<\/p><p>12 Art\u00edculo cient\u00edfico. Y\u00ec Xi\u00e1ng J W\u00e1ng; Giuseppe Guglielmi; Nazmi Che-Nordin; Marcello<br \/>H Nogueira-Barbosa; Xiao-Guang Cheng; Wei Yu; Daniele Diacinti; FERNANDO RUIZ<br \/>SANTIAGO. 2020. Semi-quantitative Grading and Extended Semi-Quantitative Grading<br \/>for Osteoporotic Vertebral Deformity: A Radiographic Image Database for Education and<br \/>Calibration. Ann Transl Med. AME. 8-6, pp.398.<\/p><p>13 Art\u00edculo cient\u00edfico. (1\/4) 1 (AC); 2; 3; 4. 2020. The role of<br \/>radiography in the study of spinal disorders. QUANTITATIVE IMAGING IN<br \/>MEDICINE AND SURGERY. AME. 10-12, pp.2322-2355. ISSN 2223-4306. WOS<br \/>(9) https:\/\/doi.org\/10.21037\/qims-20-1014<\/p><p>14 Art\u00edculo cient\u00edfico. PATEL PRYEST; AMALIA RUIZ TRISTAN; FERNANDO RUIZ<br \/>SANTIAGO. 2019. Anomalous Insertion of the Pectoralis Minor Tendon at the Greater<br \/>Tuberosity. Journal of Ultrasound. SPRINGER. EN PRENSA.<\/p><p>15 Art\u00edculo cient\u00edfico. OSAMA ZARZOUR; (2\/2) FERNANDO RUIZ<br \/>SANTIAGO. 2018. CT-guided radiofrequency ablation in patients with aneurysmal bone<br \/>cysts. EUROPEAN JOURNAL OF RADIOLOGY. ELSEVIER. 100-3, pp.116-123. ISSN<br \/>0720-048X. SCOPUS (1) https:\/\/doi.org\/10.1016\/j.ejrad.2018.01.020<\/p><p>16 Art\u00edculo cient\u00edfico. YI-XIANG WANG; (2\/2) FERNANDO RUIZ SANTIAGO. 2018. Informed<br \/>appropriate imaging for low back pain management: a narrative review. JOURNAL OF<br \/>ORTHOPEDIC TRANSLATION. ELSEVIER. 27-15, pp.21-34. ISSN 2214-031X. SCOPUS<br \/>(2) https:\/\/doi.org\/10.1016\/j.jot.2018.07.009<\/p><p>17 Art\u00edculo cient\u00edfico. YI-XIANG WANG; MING DEN; LAI-CHANG HE; NAZMI<br \/>CHE-NORDIN; (5\/5) FERNANDO RUIZ SANTIAGO. 2018. Osteoporotic<br \/>vertebral endplate and cortex fractures: a pictorial review.JOURNAL OF<br \/>ORTHOPEDIC TRANSLATION. ELSEVIER. 15, pp.35-49. ISSN 2214-031X. SCOPUS<br \/>(2) https:\/\/doi.org\/doi.org\/10.1016\/j.jot.2018.08.004<\/p><p>18 Art\u00edculo cient\u00edfico. ALBERTO MARTINEZ MARTINEZ; (2\/2) FERNANDO<br \/>RUIZ SANTIAGO. 2018. Plasma Rico en Plaquetas: \u00bfmito o<br \/>realidad?. RADIOLOGIA. ELSEVIER. 60-6, pp.465-475. ISSN 0033-8338.<\/p><p>19 Art\u00edculo cient\u00edfico. (1\/1) FERNANDO RUIZ SANTIAGO (AC). 2018. Role of<br \/>imaging methods in diagnosis and treatment of Morton&#8217;s neuroma. WORLD<br \/>JOURNAL OF RADIOLOGY. Baishideng Publishing Group Inc. 10-9, pp.91-99. ISSN<br \/>1949-8470. https:\/\/doi.org\/10.4329\/wjr.v10.i9.91<\/p><p>20 Art\u00edculo cient\u00edfico. M GAUTHE; NATALIE TESTAT DARDEL; (3\/3) FERNANDO<br \/>RUIZ SANTIAGO. 2018. Vertebral metastases from neuroendocrine tumours:<br \/>How to avoid false positives on 68Ga-DOTA-TOC PET using CT pattern<br \/>analysis?. EUROPEAN RADIOLOGY. SPRINGER. 28-9, pp.3943-3952. ISSN<br \/>0938-7994. https:\/\/doi.org\/10.1007\/s00330-017-5294-x<\/p><p>21 Art\u00edculo cient\u00edfico. YING WANG; (2\/2) FERNANDO RUIZ SANTIAGO. 2017. Identifying<br \/>osteoporotic vertebral endplate and cortex fractures.QUANTITATIVE IMAGING IN<br \/>MEDICINE AND SURGERY. AME. 7-5, pp.555-591. ISSN 2223-4292. google academico<br \/>(11) https:\/\/doi.org\/10.21037\/qims.2017.10.05<\/p><p>22 Art\u00edculo cient\u00edfico. (1\/1) FERNANDO RUIZ SANTIAGO (AC). 2017. Imaging<br \/>of shoulder instability. QUANTITATIVE IMAGING IN MEDICINE AND<br \/>SURGERY. AME. 7-4, pp.422-433. ISSN 2223-4292. google academico (2)<\/p><h4>Congresos<\/h4><p>1 DR. Primary bone tumors. the European Course on Spine Radiology, 2nd Cycle<br \/>Module 1. EUROPEAN SOCIETY OF NEURORADIOLOGY. 2022. Portugal. Participativo &#8211;<br \/>Ponencia invitada\/ Keynote. Seminario.<\/p><p>2 DR. The normal Post-Operative spine. the European Course on Spine Radiology, 2nd Cycle<br \/>Module 1. EUROPEAN SOCIETY OF NEURORADIOLOGY. 2022. Portugal. Participativo &#8211;<br \/>Ponencia invitada\/ Keynote. Seminario.<\/p><p>3 FERNANDO. Accuracy of clinical diagnosis, imaging and biopsy in hand tumours and<br \/>pseudotumours. EUROPEAN CONGRESS OF RADIOLOGY. EUROPEAN SOCIETY OF<br \/>RADIOLOGY. 2021. Austria.<\/p><p>4 FERNANDO; ANTONIO JESUS; DANIEL. Classification systems for osteoporotic vertebral<br \/>fractures (C-11247). EUROPEAN CONGRESS OF RADIOLOGY. EUROPEAN SOCIETY<br \/>OF RADIOLOGY. 2021. Austria.<\/p><p>5 FERNANDO; LUIS; ALBERTO; ANTONIO JESUS. Chondroblastoma treatment by<br \/>radiofrequency thermal ablation. EUROPEAN CONGRESS OF RADIOLOGY. EUROPEAN<br \/>SOCIETY OF RADIOLOGY. 2020. Austria.<\/p><p>6 FERNANDO; NICOLAS; PABLO; ANTONIO JESUS. Long-term comparison between<br \/>blind and ultrasound-guided injection in Morton neuroma. EUROPEAN CONGRESS OF<br \/>RADIOLOGY. EUROPEAN SOCIETY OF RADIOLOGY. 2020. Austria.<\/p><p>7 FERNANDO. El papel de la rx simple en el estudio de la columna<br \/>vertebral. CONGRESO DE LA SOCIEDAD ESPA\u00d1OLA DE RADIOLOGIA<br \/>MUSCULOESQUELETICA. SERME. 2020. Espa\u00f1a.<\/p><p>8 FERNANDO. Fracturas de columna dorso-lumbar (AOSPINE-TLICS). Fortalezas<br \/>y debilidades. CONGRESO DE LA SOCIEDAD ESPA\u00d1OLA DE RADIOLOGIA<br \/>MUSCULOESQUELETICA. SERME. 2020. Espa\u00f1a.<\/p><p>9 ELENA MOYA SANCHEZ; JADE GARCIA ESPINOSA; V MEDIAN; ALBERTO MARTINEZ<br \/>MARTINEZ; NOELIA ROMERA; FERNANDO RUIZ SANTIAGO. Radiograf\u00eda simple de<br \/>columna dorsolumbar: \u00bfQu\u00e9 nos puede aportar?. Lectura, hallazgos radiol\u00f3gicos y<br \/>diagn\u00f3stico diferencial. XXXIV congreso de la SERAM. Sociedad Espa\u00f1ola de Radiolog\u00eda<br \/>y medicina f\u00edsica.. 2018. Espa\u00f1a.<\/p><p>10 OSAMA ZARZOUR; FERNANDO RUIZ SANTIAGO. CT radiofrequency thermal ablation<br \/>in patients with aneurysmal bone cyst. ECR 2018. ESR. 2018. Austria. Participativo &#8211;<br \/>P\u00f3ster. Congreso.<\/p><p>11 FERNANDO RUIZ SANTIAGO. Clinical, morphological and T2 mapping evolution after<br \/>treatment of knee osteoarthritis by intraarticular injections of platelet-rich plasma. ECR<br \/>2018. ESR. 2018. Austria. Participativo &#8211; Ponencia oral (comunicaci\u00f3n oral). Congreso.<\/p><p>12 FERNANDO RUIZ SANTIAGO. Imaging of thoracolumbar fractures. ECR<br \/>2018. ESR. 2018. Austria. Participativo &#8211; P\u00f3ster. Congreso.<\/p><p>13 ELENA MOYA SANCHEZ; FERNANDO RUIZ SANTIAGO. Classifying thoracolumbar<br \/>fractures: imaging findings.. ECR 2018. ESR. 2018. Austria.<\/p><h4>Proyectos y contratos<\/h4><p>1 Contrato. Partnership for the Assessment of Risks from Chemicals (PARC) 01\/05\/2022-<br \/>01\/05\/2029. 950.000 \u20ac.<\/p><p>2 Contrato. HBM4EU -EUROPEAN HUMAN BIOMONITORING INITIATIVE<br \/>KOLOSSA. 01\/01\/2017-01\/07\/2021. 74.930.474 \u20ac.<\/p><p>3 Contrato. Comparaci\u00f3n entre la infiltraci\u00f3n eco guiada y ciega en el tratamiento<br \/>del neuroma de Morton. PABLO TOMAS MU\u00d1OZ. (HOSPITAL VIRGEN DE LAS<br \/>NIEVES). Desde 10\/04\/2016.<\/p><h4>Estancias en centros de I+D+i p\u00fablicos o privados<\/h4><p>1 HOSPITAL FOR JOINT DISEASES. Estados Unidos de Am\u00e9rica. NEW YORK. 01\/10\/1992-<br \/>31\/12\/2892. 3 meses. Posdoctoral.<\/p><p>2 Hospital Vall d\u2019Hebron. Espa\u00f1a. BARCELONA. 11\/04\/2011-17\/04\/2011. 7 d\u00edas. Invitado\/a.<\/p><p>3 Cl\u00ednica Girona. Espa\u00f1a. GIRONA. 25\/10\/2010-31\/10\/2010. 7 d\u00edas. Invitado\/a.<\/p><p>4 HOSPITAL MAIMONIDES. Estados Unidos de Am\u00e9rica. NEW YORK. 25\/06\/2001-<br \/>10\/08\/2001. 2 meses. Invitado\/a.<\/p>\t\t\t\t\t\t\t\t<\/div>\n\t\t\t\t<\/div>\n\t\t\t\t\t<\/div>\n\t\t\t\t<\/div>\n\t\t\t\t<\/div>\n\t\t","protected":false},"excerpt":{"rendered":"<p>\u00a0 Curriculum Vitae Resumen libre del curr\u00edculum ACTIVIDAD CL\u00cdNICA.Actividad diagn\u00f3stica en radiolog\u00eda convencional, ecograf\u00eda, TC, Resonancia Magn\u00e9tica (RM)centrada en la patolog\u00eda musculoesquel\u00e9tica.Actividad intervencionista diagn\u00f3stico-terap\u00e9utica a nivel articular (artrograf\u00eda), tumoral-infeccioso (biopsias con aguja fina y gruesa), espinal (mielograf\u00eda).Hemos introducido las t\u00e9cnicas de ABLACI\u00d3N TERMAL CON RADIOFRECUENCIA parael tratamiento percut\u00e1neo de lesiones tumorales esquel\u00e9ticas y la VERTEBROPLASTIA-CIFOPLASTIA &hellip; <\/p>\n<p class=\"link-more\"><a href=\"https:\/\/3dtranslation.com\/index.php\/cv-fernando-ruiz-santiago\/\" class=\"more-link\">Leer m\u00e1s<span class=\"screen-reader-text\"> \u00abCV Fernando Ruiz Santiago\u00bb<\/span><\/a><\/p>\n","protected":false},"author":1,"featured_media":0,"parent":0,"menu_order":0,"comment_status":"closed","ping_status":"closed","template":"","meta":{"footnotes":""},"class_list":["post-3896","page","type-page","status-publish","hentry"],"_links":{"self":[{"href":"https:\/\/3dtranslation.com\/index.php\/wp-json\/wp\/v2\/pages\/3896","targetHints":{"allow":["GET"]}}],"collection":[{"href":"https:\/\/3dtranslation.com\/index.php\/wp-json\/wp\/v2\/pages"}],"about":[{"href":"https:\/\/3dtranslation.com\/index.php\/wp-json\/wp\/v2\/types\/page"}],"author":[{"embeddable":true,"href":"https:\/\/3dtranslation.com\/index.php\/wp-json\/wp\/v2\/users\/1"}],"replies":[{"embeddable":true,"href":"https:\/\/3dtranslation.com\/index.php\/wp-json\/wp\/v2\/comments?post=3896"}],"version-history":[{"count":7,"href":"https:\/\/3dtranslation.com\/index.php\/wp-json\/wp\/v2\/pages\/3896\/revisions"}],"predecessor-version":[{"id":3914,"href":"https:\/\/3dtranslation.com\/index.php\/wp-json\/wp\/v2\/pages\/3896\/revisions\/3914"}],"wp:attachment":[{"href":"https:\/\/3dtranslation.com\/index.php\/wp-json\/wp\/v2\/media?parent=3896"}],"curies":[{"name":"wp","href":"https:\/\/api.w.org\/{rel}","templated":true}]}}