{"id":4016,"date":"2024-12-12T11:57:28","date_gmt":"2024-12-12T10:57:28","guid":{"rendered":"https:\/\/3dtranslation.com\/?page_id=4016"},"modified":"2024-12-12T12:15:00","modified_gmt":"2024-12-12T11:15:00","slug":"servicios-de-apoyo-a-la-investigacion","status":"publish","type":"page","link":"https:\/\/3dtranslation.com\/index.php\/servicios-de-apoyo-a-la-investigacion\/","title":{"rendered":"Servicios de apoyo a la investigaci\u00f3n"},"content":{"rendered":"\t\t<div data-elementor-type=\"wp-page\" data-elementor-id=\"4016\" class=\"elementor elementor-4016\">\n\t\t\t\t<div class=\"elementor-element elementor-element-6ac2183 e-flex e-con-boxed e-con e-parent\" data-id=\"6ac2183\" data-element_type=\"container\" data-e-type=\"container\">\n\t\t\t\t\t<div class=\"e-con-inner\">\n\t\t\t\t<div class=\"elementor-element elementor-element-a21e560 elementor-widget elementor-widget-text-editor\" data-id=\"a21e560\" data-element_type=\"widget\" data-e-type=\"widget\" data-widget_type=\"text-editor.default\">\n\t\t\t\t<div class=\"elementor-widget-container\">\n\t\t\t\t\t\t\t\t\t<p>3D Translation est\u00e1 compuesta por investigadores de reconocido prestigio y con experiencia en investigaci\u00f3n como se puede consultar en nuestra <a href=\"https:\/\/3dtranslation.com\/index.php\/publicaciones\/\">secci\u00f3n de publicaciones<\/a> en diversios \u00e1mbitos cl\u00ednicos y en medicina basada en la evidencia.<\/p><p>Ofrecemos diversos servicios para ayudar a los investigadores del \u00e1mbito biom\u00e9dico a publicar sus art\u00edculos cient\u00edficos ofreciendo los siguientes servicios:<\/p><p>-Traducci\u00f3n especializada de ingl\u00e9s m\u00e9dico.<\/p><p>-An\u00e1lisis estad\u00edstico de bases de datos.<\/p><p>-Dise\u00f1o metodol\u00f3gico de los estudios a priori.<\/p><p>-Redacci\u00f3n del manuscrito y adaptaci\u00f3n a una revista cient\u00edfica.<\/p><p>Comun\u00edcanos sin compromiso cuales son tus inquietudes y necesidades rellenando el siguiente formulario.<\/p>\t\t\t\t\t\t\t\t<\/div>\n\t\t\t\t<\/div>\n\t\t\t\t\t<\/div>\n\t\t\t\t<\/div>\n\t\t<div class=\"elementor-element elementor-element-e31a228 e-flex e-con-boxed e-con e-parent\" data-id=\"e31a228\" data-element_type=\"container\" data-e-type=\"container\">\n\t\t\t\t\t<div class=\"e-con-inner\">\n\t\t\t\t<div class=\"elementor-element elementor-element-062793d elementor-widget elementor-widget-wpforms\" data-id=\"062793d\" data-element_type=\"widget\" data-e-type=\"widget\" data-widget_type=\"wpforms.default\">\n\t\t\t\t<div class=\"elementor-widget-container\">\n\t\t\t\t\t<div class=\"wpforms-container wpforms-container-full wpforms-render-modern\" id=\"wpforms-4022\"><form id=\"wpforms-form-4022\" class=\"wpforms-validate wpforms-form wpforms-ajax-form\" data-formid=\"4022\" method=\"post\" enctype=\"multipart\/form-data\" action=\"\/index.php\/wp-json\/wp\/v2\/pages\/4016\" data-token=\"882b4e12fbad6874e8515d3a4fa243e7\" data-token-time=\"1778159786\"><noscript class=\"wpforms-error-noscript\">Por favor, activa JavaScript en tu navegador para completar este formulario.<\/noscript><div id=\"wpforms-error-noscript\" style=\"display: none;\">Por favor, activa JavaScript en tu navegador para completar este formulario.<\/div><div class=\"wpforms-field-container\">\t\t<div id=\"wpforms-4022-field_3-container\"\n\t\t\tclass=\"wpforms-field wpforms-field-text\"\n\t\t\tdata-field-type=\"text\"\n\t\t\tdata-field-id=\"3\"\n\t\t\t>\n\t\t\t<label class=\"wpforms-field-label\" for=\"wpforms-4022-field_3\" >Tel\u00e9fono Nombre Tipo<\/label>\n\t\t\t<input type=\"text\" id=\"wpforms-4022-field_3\" class=\"wpforms-field-medium\" name=\"wpforms[fields][3]\" >\n\t\t<\/div>\n\t\t<div id=\"wpforms-4022-field_1-container\" class=\"wpforms-field wpforms-field-name\" data-field-id=\"1\"><fieldset><legend class=\"wpforms-field-label\">Nombre <span class=\"wpforms-required-label\" aria-hidden=\"true\">*<\/span><\/legend><div class=\"wpforms-field-row wpforms-field-medium\"><div class=\"wpforms-field-row-block wpforms-first wpforms-one-half\"><input type=\"text\" id=\"wpforms-4022-field_1\" class=\"wpforms-field-name-first wpforms-field-required\" name=\"wpforms[fields][1][first]\" aria-errormessage=\"wpforms-4022-field_1-error\" required><label for=\"wpforms-4022-field_1\" class=\"wpforms-field-sublabel after\">Nombre<\/label><\/div><div class=\"wpforms-field-row-block wpforms-one-half\"><input type=\"text\" id=\"wpforms-4022-field_1-last\" class=\"wpforms-field-name-last wpforms-field-required\" name=\"wpforms[fields][1][last]\" aria-errormessage=\"wpforms-4022-field_1-last-error\" required><label for=\"wpforms-4022-field_1-last\" class=\"wpforms-field-sublabel after\">Apellidos<\/label><\/div><\/div><\/fieldset><\/div><div id=\"wpforms-4022-field_5-container\" class=\"wpforms-field wpforms-field-select wpforms-field-select-style-classic\" data-field-id=\"5\"><label class=\"wpforms-field-label\" for=\"wpforms-4022-field_5\">Tipo de estudio <span class=\"wpforms-required-label\" aria-hidden=\"true\">*<\/span><\/label><select id=\"wpforms-4022-field_5\" class=\"wpforms-field-medium wpforms-field-required\" name=\"wpforms[fields][5]\" required=\"required\"><option value=\"Revisi\u00f3n narrativa\" >Revisi\u00f3n narrativa<\/option><option value=\"Revisi\u00f3n sistem\u00e1tica\" >Revisi\u00f3n sistem\u00e1tica<\/option><option value=\"Estudio original de investigaci\u00f3n con datos\" >Estudio original de investigaci\u00f3n con datos<\/option><option value=\"Caso cl\u00ednico\" >Caso cl\u00ednico<\/option><option value=\"Carta al editor\" >Carta al editor<\/option><option value=\"Otros\" >Otros<\/option><\/select><\/div><div id=\"wpforms-4022-field_6-container\" class=\"wpforms-field wpforms-field-select wpforms-field-select-style-classic\" data-field-id=\"6\"><label class=\"wpforms-field-label\" for=\"wpforms-4022-field_6\">Tipo de servicio <span class=\"wpforms-required-label\" aria-hidden=\"true\">*<\/span><\/label><select id=\"wpforms-4022-field_6\" class=\"wpforms-field-medium wpforms-field-required\" name=\"wpforms[fields][6]\" required=\"required\"><option value=\"Traducci\u00f3n\" >Traducci\u00f3n<\/option><option value=\"Estad\u00edstica\" >Estad\u00edstica<\/option><option value=\"Adaptaci\u00f3n a revista JCR\" >Adaptaci\u00f3n a revista JCR<\/option><option value=\"Adaptaci\u00f3n a revista no JCR\" >Adaptaci\u00f3n a revista no JCR<\/option><option value=\"Otros\" >Otros<\/option><\/select><\/div><div id=\"wpforms-4022-field_4-container\" class=\"wpforms-field wpforms-field-number\" data-field-id=\"4\"><label class=\"wpforms-field-label\" for=\"wpforms-4022-field_4\">Tel\u00e9fono<\/label><input type=\"number\" id=\"wpforms-4022-field_4\" class=\"wpforms-field-medium\" name=\"wpforms[fields][4]\" step=\"any\" aria-errormessage=\"wpforms-4022-field_4-error\" ><\/div><div id=\"wpforms-4022-field_2-container\" class=\"wpforms-field wpforms-field-email\" data-field-id=\"2\"><label class=\"wpforms-field-label\" for=\"wpforms-4022-field_2\">Correo electr\u00f3nico <span class=\"wpforms-required-label\" aria-hidden=\"true\">*<\/span><\/label><input type=\"email\" id=\"wpforms-4022-field_2\" class=\"wpforms-field-medium wpforms-field-required\" name=\"wpforms[fields][2]\" spellcheck=\"false\" aria-errormessage=\"wpforms-4022-field_2-error\" required><\/div><script>\n\t\t\t\t( function() {\n\t\t\t\t\tconst style = document.createElement( 'style' );\n\t\t\t\t\tstyle.appendChild( document.createTextNode( '#wpforms-4022-field_3-container { position: absolute !important; overflow: hidden !important; display: inline !important; height: 1px !important; width: 1px !important; z-index: -1000 !important; padding: 0 !important; } #wpforms-4022-field_3-container input { visibility: hidden; } #wpforms-conversational-form-page #wpforms-4022-field_3-container label { counter-increment: none; }' ) );\n\t\t\t\t\tdocument.head.appendChild( style );\n\t\t\t\t\tdocument.currentScript?.remove();\n\t\t\t\t} )();\n\t\t\t<\/script><\/div><!-- .wpforms-field-container --><div class=\"wpforms-submit-container\" ><input type=\"hidden\" name=\"wpforms[id]\" value=\"4022\"><input type=\"hidden\" name=\"page_title\" value=\"\"><input type=\"hidden\" name=\"page_url\" value=\"https:\/\/3dtranslation.com\/index.php\/wp-json\/wp\/v2\/pages\/4016\"><input type=\"hidden\" name=\"url_referer\" value=\"\"><button type=\"submit\" name=\"wpforms[submit]\" id=\"wpforms-submit-4022\" class=\"wpforms-submit\" data-alt-text=\"Enviando...\" data-submit-text=\"Enviar\" aria-live=\"assertive\" value=\"wpforms-submit\">Enviar<\/button><img decoding=\"async\" src=\"https:\/\/3dtranslation.com\/wp-content\/plugins\/wpforms-lite\/assets\/images\/submit-spin.svg\" class=\"wpforms-submit-spinner\" style=\"display: none;\" width=\"26\" height=\"26\" alt=\"Cargando\"><\/div><\/form><\/div>  <!-- .wpforms-container -->\t\t\t\t<\/div>\n\t\t\t\t<\/div>\n\t\t\t\t\t<\/div>\n\t\t\t\t<\/div>\n\t\t\t\t<\/div>\n\t\t","protected":false},"excerpt":{"rendered":"<p>3D Translation est\u00e1 compuesta por investigadores de reconocido prestigio y con experiencia en investigaci\u00f3n como se puede consultar en nuestra secci\u00f3n de publicaciones en diversios \u00e1mbitos cl\u00ednicos y en medicina basada en la evidencia. Ofrecemos diversos servicios para ayudar a los investigadores del \u00e1mbito biom\u00e9dico a publicar sus art\u00edculos cient\u00edficos ofreciendo los siguientes servicios: -Traducci\u00f3n &hellip; <\/p>\n<p class=\"link-more\"><a href=\"https:\/\/3dtranslation.com\/index.php\/servicios-de-apoyo-a-la-investigacion\/\" class=\"more-link\">Leer m\u00e1s<span class=\"screen-reader-text\"> \u00abServicios de apoyo a la investigaci\u00f3n\u00bb<\/span><\/a><\/p>\n","protected":false},"author":1,"featured_media":0,"parent":0,"menu_order":0,"comment_status":"closed","ping_status":"closed","template":"","meta":{"footnotes":""},"class_list":["post-4016","page","type-page","status-publish","hentry"],"_links":{"self":[{"href":"https:\/\/3dtranslation.com\/index.php\/wp-json\/wp\/v2\/pages\/4016","targetHints":{"allow":["GET"]}}],"collection":[{"href":"https:\/\/3dtranslation.com\/index.php\/wp-json\/wp\/v2\/pages"}],"about":[{"href":"https:\/\/3dtranslation.com\/index.php\/wp-json\/wp\/v2\/types\/page"}],"author":[{"embeddable":true,"href":"https:\/\/3dtranslation.com\/index.php\/wp-json\/wp\/v2\/users\/1"}],"replies":[{"embeddable":true,"href":"https:\/\/3dtranslation.com\/index.php\/wp-json\/wp\/v2\/comments?post=4016"}],"version-history":[{"count":7,"href":"https:\/\/3dtranslation.com\/index.php\/wp-json\/wp\/v2\/pages\/4016\/revisions"}],"predecessor-version":[{"id":4031,"href":"https:\/\/3dtranslation.com\/index.php\/wp-json\/wp\/v2\/pages\/4016\/revisions\/4031"}],"wp:attachment":[{"href":"https:\/\/3dtranslation.com\/index.php\/wp-json\/wp\/v2\/media?parent=4016"}],"curies":[{"name":"wp","href":"https:\/\/api.w.org\/{rel}","templated":true}]}}